y(h) = 455*h + 12259. Give y(-27).
-26
Let f(u) = 72*u - 3693. Calculate f(51).
-21
Let h(p) = -17*p**2 + 1017*p - 1017. Determine h(1).
-17
Let z(k) = 7*k**3 - 20*k**2 + 12*k + 9. Determine z(1).
8
Let a(s) = -3271*s + 32706. Determine a(10).
-4
Let a(w) = 11*w**2 - 32*w - 20. Calculate a(5).
95
Let f(g) = -181*g + 15760. What is f(87)?
13
Let q(z) = 371*z + 205. Calculate q(-1).
-166
Let i(p) = -p**2 - 43*p - 275. Give i(-35).
5
Let t(r) = 64*r + 3572. Give t(-53).
180
Let h(u) = -2*u**3 + 147*u**2 + 77*u - 213. What is h(74)?
9
Let c(t) = -t**3 + t**2 - 7*t + 9. Calculate c(4).
-67
Let u(j) = 3*j**2 + 35*j - 598. Calculate u(-21).
-10
Let s(m) = -16*m**3 + 1729*m**2 - 105*m - 267. What is s(108)?
57
Let b(v) = 46*v**2 - 69*v + 10. Calculate b(2).
56
Let y(x) = 3*x**2 + 401*x - 10807. What is y(23)?
3
Let g(n) = -3756*n + 22544. What is g(6)?
8
Let l(v) = 9986*v - 99863. Give l(10).
-3
Let g(u) = u**3 + 22*u**2 + 279*u + 4786. Determine g(-20).
6
Let q(i) = i**3 + 12*i**2 - 26*i - 163. Determine q(-13).
6
Let q(t) = -4*t - 110. Calculate q(-20).
-30
Let r(l) = -l**2 - 70*l - 730. Determine r(-45).
395
Let w(n) = 7*n**2 - 172*n - 76. Determine w(25).
-1
Let z(c) = c**2 - 8*c + 30. What is z(7)?
23
Let b(m) = 5*m**2 + 18*m - 29. Determine b(5).
186
Let r(b) = 181*b + 541. Give r(-3).
-2
Let x(b) = -33*b**2 - 14*b - 3. Give x(-2).
-107
Let g(x) = 15*x + 186. What is g(-30)?
-264
Let s(b) = 153*b + 1045. What is s(-7)?
-26
Let n(b) = 20*b - 53. Give n(7).
87
Let k(u) = 250*u - 1260. What is k(5)?
-10
Let n(v) = 411*v + 2514. Calculate n(-6).
48
Let n(h) = 163*h - 225. Give n(3).
264
Let y(k) = 14493*k - 72468. What is y(5)?
-3
Let b(g) = -4*g**2 - 80*g - 72. Give b(-19).
4
Let f(o) = -o**2 - 62*o + 530. Calculate f(7).
47
Let x(z) = 3*z**3 - 14*z**2 - z - 293. Calculate x(7).
43
Let f(v) = -205*v + 1536. Determine f(7).
101
Let j(p) = -12*p**2 + 31*p - 1. Determine j(4).
-69
Let l(i) = i**2 - 212*i - 19737. What is l(282)?
3
Let f(r) = 5*r + 47. What is f(19)?
142
Let x(h) = 12*h**2 + 102*h + 290. What is x(-4)?
74
Let k(i) = i**3 + 117*i**2 - 5*i - 589. Determine k(-117).
-4
Let w(f) = -2*f**2 + 51*f + 80. Give w(27).
-1
Let j(p) = p**3 + 22*p**2 + p - 33. Determine j(-22).
-55
Let s(w) = w**3 + 24*w**2 + 35*w + 60. What is s(-23)?
-216
Let j(v) = 110*v - 665. What is j(6)?
-5
Let c(v) = 615*v + 10433. Calculate c(-17).
-22
Let h(u) = 4*u + 36. What is h(-7)?
8
Let t(y) = -y**2 + 9*y + 3059. Calculate t(60).
-1
Let d(p) = p**2 + 101*p + 2646. Give d(-64).
278
Let p(v) = -v**2 - 605*v - 6596. What is p(-11)?
-62
Let k(n) = n**3 - 43*n**2 - n + 56. What is k(43)?
13
Let a(z) = 4*z**3 + 10*z**2 + 14*z - 29. Calculate a(-3).
-89
Let z(x) = -x**3 + 162*x**2 - 4536*x + 6. Determine z(36).
6
Let l(z) = 169*z - 378. Calculate l(3).
129
Let p(n) = -348*n - 673. Calculate p(-2).
23
Let m(t) = 27*t**2 + 2. Calculate m(1).
29
Let x(h) = -1446*h - 27470. Determine x(-19).
4
Let o(c) = 2*c**3 + 62*c**2 + 387*c + 11988. Give o(-31).
-9
Let j(a) = -a**3 - 2*a**2 + 2*a - 11. Determine j(-4).
13
Let c(l) = -54*l - 429. Calculate c(-10).
111
Let r(m) = 4*m**2 + 66*m - 26. What is r(-18)?
82
Let h(g) = 41*g - 322. Determine h(8).
6
Let v(q) = -7*q**3 + 2*q**2 - q - 3. What is v(3)?
-177
Let z(d) = d**3 - 42*d**2 + 186*d - 209. Calculate z(2).
3
Let d(o) = 2*o**3 - 19*o**2 - 17*o + 14. Give d(9).
-220
Let p(h) = 1070*h - 55630. Calculate p(52).
10
Let t(r) = 2*r**3 + 690*r**2 + 17*r + 5869. Calculate t(-345).
4
Let p(n) = 2*n**3 + 10*n**2 - 12*n - 5. What is p(-5)?
55
Let u(l) = -11*l + 41. Determine u(-7).
118
Let h(r) = 2*r**3 - 7*r**2 + 34*r - 95. Calculate h(4).
57
Let q(i) = -7*i + 34. What is q(-3)?
55
Let b(p) = -p**2 - 234*p - 2234. Determine b(-10).
6
Let w(f) = 110*f - 5. What is w(-1)?
-115
Let u(r) = r**3 - 50*r**2 - 55*r + 291. What is u(51)?
87
Let p(y) = -y**3 - 41*y**2 - 193*y + 595. Give p(-35).
0
Let i(b) = -b**3 + 61*b**2 - 473*b + 240. Calculate i(52).
-20
Let f(d) = 482*d - 5798. Calculate f(12).
-14
Let v(u) = u**2 - 114*u + 3199. What is v(62)?
-25
Let y(r) = -2*r**2 + 5*r - 24. Give y(3).
-27
Let c(l) = -l**3 - 12*l**2 - 16*l - 25. Determine c(-12).
167
Let b(q) = 11*q**3 + 2*q**2 + q - 7. What is b(3)?
311
Let l(f) = -93*f - 276. Calculate l(-3).
3
Let o(g) = -2*g**3 + 23*g**2 + 64. What is o(12)?
-80
Let z(x) = x**3 - 12*x**2 - 22*x - 63. Calculate z(14).
21
Let c(h) = -h**2 + 24*h + 86. Calculate c(27).
5
Let k(p) = -2*p**3 + 52*p**2 + 3*p + 56. Calculate k(26).
134
Let x(d) = d**3 - 54*d**2 + 155*d - 96. Give x(51).
6
Let g(o) = 235*o + 5515. Give g(-24).
-125
Let y(m) = m**2 - 1748*m + 10450. Give y(6).
-2
Let d(j) = 10*j + 658. Give d(-47).
188
Let y(m) = -m**3 + 3*m**2 + 19*m - 40. Give y(4).
20
Let n(d) = 42*d + 478. Calculate n(-12).
-26
Let d(s) = -s**3 - 11*s**2 - 18*s. Determine d(-9).
0
Let m(v) = -v**2 - 1071*v - 32237. What is m(-31)?
3
Let n(u) = 34*u - 1159. Calculate n(29).
-173
Let r(z) = -28*z**2 + 1347*z - 134. Determine r(48).
10
Let g(p) = 200*p + 1206. Give g(-6).
6
Let m(l) = l**2 - 35*l - 45. Determine m(28).
-241
Let i(h) = 170*h + 1107. Determine i(-7).
-83
Let v(h) = 21*h + 615. Calculate v(-28).
27
Let b(a) = 47*a + 1730. Calculate b(-31).
273
Let w(v) = -2*v**2 + 25*v + 33. Determine w(-7).
-240
Let f(r) = r**3 + 38*r**2 + 37*r + 63. Calculate f(-37).
63
Let h(j) = 8*j**2 - 183*j - 116. Calculate h(24).
100
Let u(r) = -51*r**3 + r**2 - 3*r - 3. Calculate u(-1).
52
Let d(n) = -8*n**2 - 11*n - 15. Calculate d(-5).
-160
Let i(o) = 4*o**2 - 179*o - 22. Give i(42).
-484
Let h(w) = 5*w**3 + 97*w**2 - 73*w - 250. What is h(-20)?
10
Let v(a) = -354*a + 1092. Determine v(3).
30
Let d(p) = -p**2 - 27*p - 426. Calculate d(-11).
-250
Let l(f) = -605*f - 127652. What is l(-211)?
3
Let s(q) = -161*q + 488. Give s(3).
5
Let n(w) = w**2 + 43*w - 775. Give n(14).
23
Let j(x) = 453*x + 4044. What is j(-9)?
-33
Let w(g) = g**2 + 95*g + 1437. What is w(-76)?
-7
Let x(w) = -w**3 - 97*w**2 - 879*w - 775. Calculate x(-87).
8
Let b(j) = -4*j**2 + 14*j + 330. What is b(11)?
0
Let r(h) = h**2 - 28*h + 435. Determine r(0).
435
Let x(j) = j**3 + j**2 - 16*j - 10. Calculate x(-4).
6
Let r(v) = -590*v - 598. What is r(-1)?
-8
Let c(u) = -132*u + 1329. What is c(10)?
9
Let v(k) = k**2 + 4*k - 1363. What is v(-39)?
2
Let n(s) = s**3 + 5*s**2 - 23*s - 56. What is n(-9)?
-173
Let j(g) = g**3 + 68*g**2 - 20*g - 1367. Calculate j(-68).
-7
Let w(d) = 31*d - 673. Calculate w(21).
-22
Let w(b) = b**2 + 2742*b - 24760. Give w(9).
-1
Let j(z) = -z**3 - 6*z**2 - 7*z + 30. Give j(0).
30
Let w(n) = n**3 - 57*n**2 - 450*n + 105. What is w(64)?
-23
Let k(m) = -m**2 + 35*m + 121. Give k(42).
-173
Let r(u) = -u**3 - 5*u**2 - 5*u - 28. Give r(-5).
-3
Let p(h) = h**3 + 27*h**2 - 30*h + 11. What is p(-28)?
67
Let i(x) = 2142*x + 8602. Give i(-4).
34
Let y(w) = -300*w + 17394. Give y(58).
-6
Let u(z) = -3*z**2 + 39*z + 585. Give u(22).
-9
Let u(i) = 6*i**2 - 140*i + 71. Calculate u(23).
25
Let k(i) = i**2 + 36*i - 6366. Calculate k(64).
34
Let w(i) = i**3 - 9*i**2 + 15*i + 13. What is w(6)?
-5
Let r(o) = -3*o + 48. What is r(-15)?
93
Let m(x) = 869*x + 26955. Give m(-31).
16
Let v(h) = -2*h**2 + 19*h + 44. Give v(16).
-164
Let x(j) = -j**3 + 73*j**2 - 87*j + 1098. Calculate x(72).
18
Let i(n) = -n**3 + 3*n**2 + 2058*n + 2055. What is i(-1)?
1
Let u(c) = -394*c - 28759. Give u(-73).
3
Let i(u) = 34*u - 3002. Give i(88).
-10
Let q(v) = 3*v**2 - 25*v + 126. Determine q(8).
118
Let t(o) = -o**3 - 53*o**2 + 54*o + 170. Calculate t(-54).
170
Let l(o) = -640*o - 211841. Calculate l(-331).
-1
Let w(h) = 65*h**2 + 6557*h - 809. Determine w(-101).
-1
Let p(k) = -299*k - 3666. What is p(-12)?
-78
Let l(x) = x**2 + 42*x + 353. Calculate l(-30).
-7
Let t(p) = 11*p**2 - 626*p + 558. Give t(56).
-2
Let m(x) = -3*x**2 - 9*x - 21. Calculate m(-5).
-51
Let b(q) = -19488*q + 136414. What is b(7)?
-2
Let s(y) = 56*y + 5602. Give s(-102).
-110
Let z(u) = -2*u**3 - 3*u**2 + 4*u - 6. Determine z(-2).
-10
Let z(l) = -l**2 - 2*l - 24. Determine z(-4).
-32
Let i(m) = -41*m - 33. Calculate i(-3).
90
Let q(m) = -m**2 - 120*m - 685. Give q(-6).
-1
Let n(v) = 87*v + 2. Determine n(-1).
-85
Let o(m) = 7*m**3 - m**2 + 8*m + 39. Determine o(-4).
-457
Let b(a) = a**3 + 64*a**2 - 1001*a - 5.